second derivative of 0 - 1/12*s**4 - s + 15/2*s**2 - 1/6*s**3. What is the remainder when 44 is divided by p(0)?
14
Suppose 0 = -2*c + 42 + 38. What is the remainder when 78 is divided by c?
38
Suppose -b - 3*b + v = -11, -4*b - 4*v = 4. Suppose -32 = -2*l + b. What is the remainder when 33 is divided by l?
16
Let h(j) = 2*j**2 - 7*j + 18. What is the remainder when 66 is divided by h(4)?
0
Suppose 0*w + 24 = 3*w. Suppose 0 = -5*c + 48 - w. What is the remainder when 43 is divided by (-20)/2*(-12)/c?
13
Let s(g) = 2*g**2 - 2*g + 6 - 4 + g + 6*g. What is the remainder when s(-5) is divided by 10?
7
Let n be 14/(-28) + 11/(-2). What is the remainder when (-278)/n - 8/24 is divided by 12?
10
Let w = -65 + 88. What is the remainder when w is divided by 11?
1
Suppose 18 = n + l - 6*l, 5*l = -4*n + 47. Calculate the remainder when n is divided by 5.
3
Suppose 37 + 55 = 4*m. Suppose -3*x - 3*u = -18, 4*x - 2*x - 3*u - 22 = 0. What is the remainder when m is divided by x?
7
Suppose -84 = -3*w + 3*z - 6, 4*z + 77 = 3*w. What is the remainder when 51 is divided by w?
24
Suppose 32 = 2*y - 4. Calculate the remainder when 29 is divided by y.
11
Suppose -4*n = -0*n. What is the remainder when 37 is divided by (12 - -8)/(2 - n)?
7
Suppose 5*f + 34 = y - 10, 2*y + 2*f = 28. Suppose -s + 76 = b, s + 2*b - 302 = -3*s. What is the remainder when s is divided by y?
18
Suppose -5*r = -p - 49 - 17, 2*r - 36 = -2*p. What is the remainder when 40 is divided by r?
12
Calculate the remainder when 83 is divided by 1 + (7 - -1)/((-4)/(-8)).
15
Let r = -5 + 14. Suppose 5*i = 6*i + 3*w - 22, 3*i - 4*w = 40. What is the remainder when i is divided by r?
7
Let x(n) = -n**3 + 5*n**2 - 2*n. Let h be x(5). What is the remainder when 18 is divided by -4*h*(-2)/(-16)?
3
Suppose 3*q - 57 = -3*l, 1 + 15 = 4*q. What is the remainder when 24 is divided by l?
9
Calculate the remainder when 138 is divided by 0/1 - (-35)/5.
5
Suppose -5*h = -2*h - 33. Let m = 19 - h. Calculate the remainder when 23 is divided by m.
7
Suppose 0 = 4*s - 231 - 5. Suppose -s = -5*o - 4*y, 0*o - y + 71 = 5*o. What is the remainder when 7 is divided by (0 + -1)/((-5)/o)?
1
Let c = -15 + 16. Let f be -8*(2 + -1) + 2. Let p = f + 7. Calculate the remainder when c is divided by p.
0
Let t(n) = -4*n + 54. What is the remainder when 68 is divided by t(9)?
14
Let n = 92 + -62. Calculate the remainder when 117 is divided by n.
27
Let q(p) = -9*p**3 - 3*p - 4. What is the remainder when q(-2) is divided by 21?
11
Suppose 2*t - 4*t + 20 = 0. Let i be 6/4 + (-6)/(-4). Suppose -28 = i*v - 85. Calculate the remainder when v is divided by t.
9
Let u(n) be the second derivative of -n**4/12 - n**3/6 + 3*n**2 - 2*n. What is the remainder when 23 is divided by u(0)?
5
Let p(m) = m**3 - 7*m**2 - m + 8. Let s be p(7). Let q = s + 4. Let h(r) = r**3 - 6*r**2 + r + 2. Calculate the remainder when h(6) is divided by q.
3
Suppose -5*v - 25 = 5*m, m = -2 + 1. Let p = v - -47. What is the remainder when p is divided by 11?
10
Suppose 4*i - 3*d - 11 = 79, -5*i = -2*d - 116. Calculate the remainder when 47 is divided by i.
23
Suppose 3*s + y - 6*y - 25 = 0, -4*y + 34 = 3*s. What is the remainder when 19 is divided by s?
9
Suppose -2*h - 15 - 1 = 0. Let i(m) = -m - 3. Calculate the remainder when 18 is divided by i(h).
3
Let z = -105 - -204. What is the remainder when z is divided by 25?
24
Let o = 25 + -9. Let m(n) be the second derivative of n**4/6 - n**3 - 9*n**2/2 - 2*n. Calculate the remainder when m(7) is divided by o.
15
Suppose 145 = 4*s - 5*o - 0*o, s - o = 35. Calculate the remainder when 56 - (-3 + 1 + 1) is divided by s.
27
Let f(k) = -k - 12. Let y(w) = 3. Let q(r) = -2*f(r) - 9*y(r). Let t = 5 - -14. Calculate the remainder when t is divided by q(5).
5
Let t(h) = 12*h**3 - 2*h**2 + 2*h - 1. What is the remainder when 32 + -2*(-1)/(-2) is divided by t(1)?
9
Calculate the remainder when -3*(8/(-3) + 0) is divided by 4.
0
Suppose 15 = 5*z + 3*o, 9 = -z + 4*z - 3*o. Let c(w) = -w**3 + 4*w**2 - w + 3. Calculate the remainder when c(3) is divided by z.
0
Let d(t) = 25*t**2. Calculate the remainder when d(1) is divided by 13.
12
Let t = 25 + -21. What is the remainder when 8 is divided by t?
0
Let b = 13 + -8. Suppose 3*g + 5*j + 0*j - 78 = 0, 0 = -b*j. Calculate the remainder when 51 is divided by g.
25
Let k be ((-10)/(-3))/(2/(-3)). Let f(q) = q**2 - q - 3. What is the remainder when f(k) is divided by 14?
13
Let y = -6 + -3. Let a = -18 - y. Let h = a - -15. Calculate the remainder when 11 is divided by h.
5
Suppose -2*p + 4*p = 3*f + 18, -11 = -p + 2*f. Let b(q) = 2*q**2 + 3*q - 1. What is the remainder when b(1) is divided by p?
1
Let c(h) = -3*h + 2*h + 2 + 0*h. What is the remainder when c(-5) is divided by 2?
1
Let y(b) = b**2 - 12*b + 9. Calculate the remainder when 85 is divided by y(13).
19
Let x = -10 + 13. Suppose 0 = n - 0*n - x. What is the remainder when 3 is divided by n?
0
Let f = -23 + 97. What is the remainder when f is divided by 19?
17
Let u(j) = 9*j**2 + j. Let q(y) = -y**3 - 4*y**2 - 2*y - 4. Calculate the remainder when u(1) is divided by q(-4).
2
Let j(h) = -6*h**3 + h**2 + 2*h + 2. What is the remainder when 12 is divided by j(-1)?
5
Let p = -93 - -109. What is the remainder when p is divided by 10?
6
Let z(u) = 2*u**2 + 12*u + 21. Calculate the remainder when z(-8) is divided by 27.
26
Suppose 3*n - 28 = -2*o, 0 = o - 0*n + 5*n. Calculate the remainder when o is divided by 6.
2
Let s be (-23)/(-5) + (-12)/20. Suppose -y + 19 + s = 0. What is the remainder when 68 is divided by y?
22
Suppose 7*w - 2*w = 40. Calculate the remainder when 15 is divided by w.
7
Let l(a) = 57*a**2 - 2*a. Let p be l(1). Let x = p - 33. Calculate the remainder when x is divided by 5.
2
Let u = 128 - 38. Calculate the remainder when 1 + -2 + u/2 is divided by 15.
14
Let x be -4*50*(-3)/8. Let q = -43 + x. Suppose -p - p = -q. What is the remainder when p is divided by 6?
4
Let d(a) = -24*a - 6. Let l(x) = -3*x + 5. Calculate the remainder when d(-3) is divided by l(-4).
15
Suppose 0 = -s + 5*s - 16. Let h = s - 3. Suppose -q + h = -15. What is the remainder when 47 is divided by q?
15
Suppose 3*y = 4 + 8. Suppose 4*x - x - 39 = -2*l, 33 = 3*x + y*l. What is the remainder when 42 is divided by x?
12
Let a(n) = n - 1 - 5 - 7*n. Let m be a(-4). What is the remainder when 15 is divided by 4/m + 210/27?
7
Let n(q) = -2*q**2 - 3*q**2 + 3 - 1 + 2*q + q**3 - q**2. What is the remainder when 53 is divided by n(6)?
11
Let n(v) = -9*v + 2. Let f be n(1). Let q = f + 25. What is the remainder when 34 is divided by q?
16
Let q = 24 + 5. What is the remainder when (-1)/(-3) - 254/(-3) is divided by q?
27
Let v(u) = u**2 - u - 1. Let c be v(-2). What is the remainder when 19*(-2 + -2 + c) is divided by 10?
9
Let d = 6 + -6. Let s = d + 4. What is the remainder when 10 is divided by s?
2
Let j = -6 + 22. Suppose 2*a = 35 - 7. Calculate the remainder when ((-52)/16)/((-2)/j) is divided by a.
12
Suppose -52 = -5*y + b, -2*y - 5*b + 4*b + 18 = 0. Let z = y + -7. Calculate the remainder when 5 is divided by -3*((0 - z) + 2).
2
Let o = -7 - -9. Suppose 0 = 2*b, d - 5*d + 4*b + 4 = 0. Calculate the remainder when o is divided by d.
0
Suppose -2*m = -67 - 1. What is the remainder when m is divided by 7?
6
Let a(o) = 25*o - 9. What is the remainder when a(4) is divided by 23?
22
Let h(d) = 4*d + 13. Let t(n) = -9*n - 25. Let j(q) = 7*h(q) + 3*t(q). Calculate the remainder when 21 is divided by j(-8).
5
Let n be 57 - ((3 - 1) + -4). Let x = -29 + n. What is the remainder when x is divided by 16?
14
Suppose 392 + 214 = 6*b. Calculate the remainder when b is divided by 35.
31
Calculate the remainder when (-217)/(-5) + (-8)/20 is divided by 22.
21
Let w = 0 + 13. Let x = -3 + w. Calculate the remainder when x is divided by 6.
4
Let k = 138 - 47. Calculate the remainder when k is divided by 23.
22
Suppose 0*m = -2*m + 20. Suppose -2 = -2*f + 14. Suppose 3*a = a + f. What is the remainder when m is divided by a?
2
Calculate the remainder when (6 - 4)*(-228)/(-8) is divided by 12.
9
Let c(d) = d**2 - 7*d + 6. What is the remainder when c(-6) is divided by 29?
26
Suppose 0 = -8*u - 33 + 321. What is the remainder when u is divided by 20?
16
Suppose 89 